{"id":165,"date":"2019-04-18T11:08:43","date_gmt":"2019-04-18T08:08:43","guid":{"rendered":"https:\/\/envothemes.com\/envo-ecommerce\/product\/import-placeholder-for-49\/"},"modified":"2023-04-09T11:02:09","modified_gmt":"2023-04-09T08:02:09","slug":"polo-t-shirt","status":"publish","type":"product","link":"http:\/\/www.eryigityapi.com\/index.php\/urun\/polo-t-shirt\/","title":{"rendered":"Firecryl FR Yang\u0131n Masti\u011fi"},"content":{"rendered":"<p class=\"price\"><strong>Firecryl FR, <\/strong>tek komponentli, kullan\u0131ma haz\u0131r, yang\u0131na dayanabilen tek bile\u015fenli \u015fi\u015febilen plastoelastik derz dolgu malzemesidir. 120\u00b0C\u2019 den daha y\u00fcksek \u0131s\u0131lara maruz kald\u0131\u011f\u0131nda genle\u015ferek alevlerin ve duman\u0131n yay\u0131lmas\u0131n\u0131 \u00f6nler.<\/p>\n<p>&nbsp;<\/p>\n","protected":false},"excerpt":{"rendered":"<p>This is a simple product.<\/p>\n<p>Nulla pulvinar eleifend sem. Sed vel lectus. Donec odio tempus molestie, porttitor ut, iaculis quis, sem. Mauris metus. Curabitur vitae diam non enim vestibulum interdum. Aenean id metus id velit ullamcorper pulvinar. Etiam sapien elit, consequat eget, tristique non, venenatis quis, ante. Integer vulputate sem a nibh rutrum consequat.<\/p>\n","protected":false},"featured_media":654,"comment_status":"open","ping_status":"closed","template":"","meta":[],"product_cat":[26],"product_tag":[34],"_links":{"self":[{"href":"http:\/\/www.eryigityapi.com\/index.php\/wp-json\/wp\/v2\/product\/165"}],"collection":[{"href":"http:\/\/www.eryigityapi.com\/index.php\/wp-json\/wp\/v2\/product"}],"about":[{"href":"http:\/\/www.eryigityapi.com\/index.php\/wp-json\/wp\/v2\/types\/product"}],"replies":[{"embeddable":true,"href":"http:\/\/www.eryigityapi.com\/index.php\/wp-json\/wp\/v2\/comments?post=165"}],"wp:featuredmedia":[{"embeddable":true,"href":"http:\/\/www.eryigityapi.com\/index.php\/wp-json\/wp\/v2\/media\/654"}],"wp:attachment":[{"href":"http:\/\/www.eryigityapi.com\/index.php\/wp-json\/wp\/v2\/media?parent=165"}],"wp:term":[{"taxonomy":"product_cat","embeddable":true,"href":"http:\/\/www.eryigityapi.com\/index.php\/wp-json\/wp\/v2\/product_cat?post=165"},{"taxonomy":"product_tag","embeddable":true,"href":"http:\/\/www.eryigityapi.com\/index.php\/wp-json\/wp\/v2\/product_tag?post=165"}],"curies":[{"name":"wp","href":"https:\/\/api.w.org\/{rel}","templated":true}]}}